001011
In base 10, what is -2 + -2270183?
-2270185
In base 7, what is 502242566 + 0?
502242566
In base 9, what is 20240 + 37?
20277
In base 8, what is 145146212 - -4?
145146216
In base 9, what is 287580222 - -13?
287580235
In base 14, what is -32495557 - -3?
-32495554
In base 13, what is -12c + 1a3a1?
1a272
In base 10, what is -389151 - 40?
-389191
In base 10, what is 8018867 + 0?
8018867
In base 2, what is -11001000010000110011 - 11?
-11001000010000110110
In base 15, what is -2167 - -46a?
-1bec
In base 5, what is -3324 - 1002023?
-1010402
In base 5, what is -1012 + -141304022?
-141310034
In base 14, what is -6db5 + 30?
-6d85
In base 14, what is -6b0a49 + 0?
-6b0a49
In base 8, what is -42767452 + -5?
-42767457
In base 9, what is -14228661 + 5?
-14228655
In base 3, what is 11221112120 + -12100110?
11202012010
In base 11, what is a + -1452a53?
-1452a44
In base 14, what is -a - -19778?
1976c
In base 8, what is 124423 - -236?
124661
In base 2, what is -10111 + -10011001001010110000011?
-10011001001010110011010
In base 11, what is 2323030 - 0?
2323030
In base 12, what is -50074 - -36?
-5003a
In base 12, what is 16545 - -1b1?
16736
In base 8, what is -7752 - -4335?
-3415
In base 2, what is 100101000110 + 100100111001101101?
100101011110110011
In base 15, what is -30c63602 - -5?
-30c635ec
In base 3, what is 222020000 + 11012111?
1010102111
In base 8, what is 22 - -4244442?
4244464
In base 11, what is 722066 - 21?
722045
In base 9, what is 637130 - 8?
637121
In base 11, what is 141068 - -255?
141312
In base 10, what is -492 + -1035?
-1527
In base 14, what is -d2 - -3328b4?
3327c2
In base 10, what is 47 - -784339?
784386
In base 3, what is 201000202102012 - -1?
201000202102020
In base 2, what is 110011000 - -111011100110100110?
111011101100111110
In base 6, what is 14 - -1424431123?
1424431141
In base 6, what is 22000513 + -12?
22000501
In base 15, what is -1 - -1d8c14?
1d8c13
In base 9, what is 54008 - -1028?
55037
In base 6, what is 103 - 541121222?
-541121115
In base 6, what is -455414135 - -14?
-455414121
In base 2, what is -1100100101101000011001000 + -1000?
-1100100101101000011010000
In base 13, what is -52c - 6079b?
-60cca
In base 15, what is 2e8 + -dae4?
-d7eb
In base 12, what is -472776 + -29?
-4727a3
In base 4, what is 22 + -1310221001313?
-1310221001231
In base 10, what is 48788 - 994?
47794
In base 7, what is 263 - 1010415?
-1010122
In base 14, what is -890019 - -1d?
-88ddda
In base 16, what is 3a28 + -9c12?
-61ea
In base 3, what is -1212120010000 + -2021?
-1212120012021
In base 10, what is 24 + 56511?
56535
In base 8, what is -10357 + 13705?
3326
In base 8, what is -3 + -55500305?
-55500310
In base 12, what is -598b + 1a?
-5971
In base 16, what is -5f48e + -19?
-5f4a7
In base 12, what is 128397a - 0?
128397a
In base 3, what is 2110100221 + 10?
2110101001
In base 14, what is 4883d0 - 12?
4883bc
In base 16, what is 110 - 10577?
-10467
In base 16, what is 10 + 5c8996?
5c89a6
In base 12, what is -a0a + 7a821?
79a13
In base 2, what is 0 - -110100010100110100011001110?
110100010100110100011001110
In base 3, what is -1022001221 + -220002?
-1022222000
In base 13, what is -186 - 27870?
-27a26
In base 7, what is 1526520616 + 5?
1526520624
In base 8, what is -32317310 - 12?
-32317322
In base 3, what is 1121 - 1201021121000?
-1201021112102
In base 2, what is 111000101001000010000111 + -1000?
111000101001000001111111
In base 3, what is 11120200100 + 121120?
11121021220
In base 16, what is -341c2b + 28?
-341c03
In base 4, what is -1112030222020 - 3?
-1112030222023
In base 15, what is 58e33b - -13?
58e34e
In base 10, what is -103663 - -1424?
-102239
In base 16, what is -527a76 + -1?
-527a77
In base 3, what is -2010110 + -112010?
-2122120
In base 13, what is -663c429 + 1b?
-663c40b
In base 13, what is 2 - 16561ba7?
-16561ba5
In base 11, what is -229a725 - -4?
-229a721
In base 7, what is 6662046510 - 5?
6662046502
In base 10, what is 82817 + 83?
82900
In base 10, what is 18371 - -883?
19254
In base 12, what is -6 + -719707?
-719711
In base 11, what is -146a36a6 + 1?
-146a36a5
In base 2, what is 11011100100010001 - 11111010110?
11011000100111011
In base 7, what is 101562623 + -4?
101562616
In base 8, what is 14270355 - 15?
14270340
In base 13, what is 2 + -5ca4cc?
-5ca4ca
In base 2, what is 1111011 + 11001001110010?
11001011101101
In base 4, what is 203021 - -101030213?
101233300
In base 11, what is -3a61998 + 0?
-3a61998
In base 10, what is -18 + 6113082?
6113064
In base 14, what is -6 + dbc00b?
dbc005
In base 5, what is -1322114103003 - -3?
-1322114103000
In base 2, what is -1110010100000011111 + -100111?
-1110010100001000110
In base 6, what is 20 + -1350411234?
-1350411214
In base 7, what is -61 + -15525235?
-15525326
In base 11, what is 3523 - -1898?
5310
In base 14, what is 8d0b - 287?
8a64
In base 12, what is 14495b997 + -2?
14495b995
In base 11, what is 42a800 + 209?
42aa09
In base 9, what is 47 + -15321088?
-15321041
In base 8, what is -150 + 146520?
146350
In base 4, what is -203100331 - -22020?
-203012311
In base 4, what is 211010023231 + -101?
211010023130
In base 12, what is -7 + -95a0a?
-95a15
In base 15, what is -49adab4 + -3?
-49adab7
In base 2, what is 100001110 - -1011011011111?
1011111101101
In base 13, what is 1 - -40b550?
40b551
In base 9, what is -2 + 10583674?
10583672
In base 13, what is 2b - -5697b1?
56980c
In base 3, what is -101000202102212210 + 2?
-101000202102212201
In base 10, what is 281148 - 32?
281116
In base 3, what is 12012111221101 - -12?
12012111221120
In base 6, what is -2340453 + 21?
-2340432
In base 3, what is 1000212101020 + -12?
1000212101001
In base 5, what is 1342 - 1124041023?
-1124034131
In base 13, what is -1ba1b8 + -a?
-1ba1c5
In base 9, what is 66 + 121071?
121147
In base 2, what is 111010000 - -1011110110111011?
1011111110001011
In base 5, what is -1043331230 - -34?
-1043331141
In base 15, what is c6 - -a215?
a2db
In base 3, what is -11120 + -102110200?
-102122020
In base 3, what is -1100112102210 - -20?
-1100112102120
In base 7, what is -145 - 635561?
-636036
In base 15, what is 10 - 3d1e0?
-3d1d0
In base 12, what is -8b2 + 15806a?
157378
In base 4, what is 32122 + -21333021?
-21300233
In base 14, what is -157313a + 5?
-1573135
In base 4, what is 3113132331033 + 11?
3113132331110
In base 2, what is -10001 + 11001000101111001010000?
11001000101111000111111
In base 8, what is -4 + -22073502?
-22073506
In base 6, what is 1 - 4344220021?
-4344220020
In base 13, what is 40 + 3b532?
3b572
In base 14, what is -1bc7bac + -1?
-1bc7bad
In base 11, what is 0 + -55789223?
-55789223
In base 14, what is -4cd7c74 + -37?
-4cd7cab
In base 11, what is -15847a284 + 0?
-15847a284
In base 3, what is 20212102211 + 2120?
20212112101
In base 8, what is 103 + -17363?
-17260
In base 13, what is -2567 - 296?
-2830
In base 10, what is 453134 + -35?
453099
In base 16, what is -a92d + -105e?
-b98b
In base 8, what is 244636 + 2?
244640
In base 15, what is b1b6 - 8ad?
a808
In base 7, what is 2555222 - -336?
2555561
In base 4, what is 33 + 1301222333?
1301223032
In base 15, what is -1d10a2 - 1?
-1d10a3
In base 13, what is 339 - 14076?
-13a3a
In base 15, what is 84 + 5a5a?
5ade
In base 16, what is -68babfd - -9?
-68babf4
In base 9, what is -37 + -12817733?
-12817771
In base 3, what is 11 + -20021222222?
-20021222211
In base 14, what is 1 + 3051c6?
3051c7
In base 7, what is 211010026 + -26?
211010000
In base 12, what is -7075b0a5 - -4?
-7075b0a1
In base 7, what is 3 - 404256666?
-404256663
In base 11, what is -695a81 + -14?
-695a95
In base 6, what is -15005032 - 3055?
-15012131
In base 14, what is -716c0 + -226?
-71906
In base 11, what is -77 - 133886?
-133952
In base 12, what is -5309 - -6a3?
-4826
In base 3, what is -1012002 + 101201110010?
101200021001
In base 15, what is -56c132 + -6?
-56c138
In base 2, what is 1010 + -11010010010111100111010?
-11010010010111100110000
In base 5, what is 2 - 13220212?
-13220210
In base 7, what is 16105 - 102?
16003
In base 7, what is -10566444 + 244?
-10566200
In base 8, what is -4 + 143117432?
143117426
In base 16, what is 2 + -a7a766?
-a7a764
In base 3, what is -1 - 221000222102211?
-221000222102212
In base 3, what is -1002002 + 121?
-1001111
In base 5, what is -11004414223 + 0?
-11004414223
In base